a composite number?
True
Is 30517940273 a prime number?
True
Is 4520158891 prime?
True
Is 28921436861 a composite number?
False
Is 147673369 composite?
True
Is 42146554759 a composite number?
True
Is 348946224371 prime?
True
Is 9343243043 a composite number?
False
Is 1751367127 a prime number?
True
Is 43488457 a composite number?
False
Is 15233461 composite?
False
Is 4523775563 composite?
False
Is 63248989 composite?
False
Is 16047481031 prime?
True
Is 1255125733 prime?
False
Is 143096628119 prime?
True
Is 3896567707 prime?
False
Is 3860377343 a prime number?
True
Is 2741045401 a prime number?
False
Is 17680958653 prime?
True
Is 35761789891 prime?
True
Is 410644021 prime?
True
Is 4158083581 a composite number?
False
Is 4299848503 composite?
False
Is 25696085869 a prime number?
False
Is 3180675682 prime?
False
Is 12297556289 prime?
True
Is 152607220309 a prime number?
True
Is 645589537 a prime number?
True
Is 1691227213 a prime number?
False
Is 1145632433 prime?
False
Is 28066454245 prime?
False
Is 16935956039 a composite number?
False
Is 342119221 a prime number?
False
Is 82830699149 a composite number?
True
Is 15515397947 a composite number?
True
Is 57434911 composite?
False
Is 43716059 a prime number?
False
Is 43553202919 a composite number?
True
Is 3818574259 a composite number?
True
Is 128378359 a composite number?
True
Is 2060295607 a composite number?
False
Is 127087332819 composite?
True
Is 27022844147 composite?
True
Is 4053791509 a composite number?
False
Is 1487588437 a prime number?
False
Is 6219362887 a prime number?
False
Is 549286980433 a composite number?
True
Is 7820128339 prime?
False
Is 821741357 composite?
True
Is 1420468463 a prime number?
True
Is 67841858971 composite?
True
Is 14161294183 a composite number?
True
Is 145301951 a prime number?
False
Is 1317370007 a prime number?
False
Is 148243435 composite?
True
Is 260368639961 a composite number?
False
Is 11867256449 prime?
True
Is 505550117 prime?
False
Is 941483351 composite?
True
Is 204303417 composite?
True
Is 2491433363 a prime number?
False
Is 5071735013 composite?
True
Is 633946009 a prime number?
False
Is 268009751 a prime number?
False
Is 131896741 a composite number?
True
Is 137325857 composite?
True
Is 2855580631 prime?
True
Is 2910062755 a composite number?
True
Is 6744846787 a composite number?
True
Is 259206331 prime?
False
Is 3069228011 composite?
True
Is 447793657 composite?
True
Is 731139974 a composite number?
True
Is 6367043729 a composite number?
False
Is 424935733 prime?
False
Is 121335437 composite?
True
Is 2597847127 prime?
False
Is 18189828971 a composite number?
False
Is 39733155251 composite?
False
Is 3492913441 a prime number?
True
Is 7769528339 a prime number?
False
Is 4233802741 a prime number?
False
Is 13646115479 a composite number?
False
Is 17869463959 composite?
False
Is 45329594 prime?
False
Is 17397773539 a composite number?
True
Is 39206327915 composite?
True
Is 8393776363 a prime number?
False
Is 2266523573 composite?
True
Is 4468697929 a composite number?
True
Is 112634502985 composite?
True
Is 15140322247 prime?
False
Is 2127955121 composite?
False
Is 1096727461 prime?
True
Is 7464248555 a prime number?
False
Is 117512162201 a composite number?
True
Is 479336261 prime?
False
Is 6445026869 composite?
False
Is 10192872929 a prime number?
True
Is 4450784629 a prime number?
True
Is 24125660051 a prime number?
False
Is 437433709 composite?
True
Is 298394881 a composite number?
False
Is 73013903327 a prime number?
False
Is 600366353 a composite number?
True
Is 535347293093 prime?
False
Is 97444549 a composite number?
False
Is 46722609521 a prime number?
False
Is 4357126063 composite?
False
Is 53096213369 a composite number?
False
Is 172591638365 a composite number?
True
Is 1342711291 composite?
False
Is 13431635821 prime?
False
Is 206356197949 composite?
True
Is 5871179399 prime?
True
Is 1884127873 a prime number?
True
Is 2499589049 composite?
True
Is 33634630189 composite?
True
Is 43147805 prime?
False
Is 2032274977 prime?
True
Is 49946338423 prime?
True
Is 20520367961 composite?
False
Is 1043205827 a composite number?
False
Is 2986622929 a composite number?
True
Is 368548811 composite?
False
Is 5863415573 composite?
False
Is 103774053829 composite?
False
Is 36091862033 prime?
True
Is 2708886787 a prime number?
True
Is 62379631 a composite number?
False
Is 350872589 prime?
True
Is 41156771 composite?
True
Is 12281384651 a composite number?
True
Is 22334467 a composite number?
True
Is 830172336811 a composite number?
False
Is 55011127447 prime?
True
Is 3893367889 composite?
True
Is 327817569619 a composite number?
True
Is 10889026001 composite?
True
Is 7579974471 a prime number?
False
Is 3220012151 composite?
True
Is 57468935 a prime number?
False
Is 24855173417 a prime number?
False
Is 860647439 prime?
True
Is 161024514643 prime?
True
Is 732983971 composite?
False
Is 92122950701 composite?
False
Is 2463443693 a prime number?
True
Is 20073371191 composite?
False
Is 6124691 prime?
True
Is 2828503649 a prime number?
False
Is 196522596041 a composite number?
False
Is 2471455193 composite?
False
Is 1379168083 a prime number?
False
Is 1956449371 a composite number?
False
Is 45725201 prime?
True
Is 9636130979 composite?
True
Is 1144603585 a composite number?
True
Is 979624571 composite?
False
Is 3865204703 composite?
True
Is 4413683719 prime?
False
Is 782560357 a prime number?
False
Is 5618982091 prime?
False
Is 1268609486 composite?
True
Is 434854289 composite?
False
Is 6047604793 a composite number?
True
Is 1600987441 a composite number?
True
Is 1082222231 composite?
False
Is 1417042823 composite?
True
Is 55365648038 a composite number?
True
Is 1474539067 composite?
False
Is 7208348707 a composite number?
True
Is 1371829799 a prime number?
False
Is 5216906921 composite?
False
Is 32189610287 composite?
False
Is 599559517 prime?
True
Is 63251304839 a composite number?
True
Is 79609038329 a prime number?
True
Is 1737581959 prime?
True
Is 53534761447 a composite number?
False
Is 8108456879 a composite number?
False
Is 201336169409 a prime number?
True
Is 1307754299 a composite number?
True
Is 4430584831 a composite number?
False
Is 17209035541 composite?
False
Is 16127885243 prime?
True
Is 761048807 a composite number?
True
Is 496168663 composite?
True
Is 9882107134 a composite number?
True
Is 138246037 composite?
False
Is 136853573 a composite number?
False
Is 248554471943 a composite number?
True
Is 26871635173 a prime number?
False
Is 1110377911 a composite number?
False
Is 2834501207 a composite number?
True
Is 641592041 a composite number?
False
Is 9859750333 a composite number?
True
Is 38199055406 composite?
True
Is 168913993 a prime number?
True
Is 164815331 prime?
False
Is 10124331991 a composite number?
False
Is 2107000439 a prime number?
False
Is 7317503633 composite?
True
Is 293674183 composite?
True
Is 45282095165 prime?
False
Is 10157313767 prime?
True
Is 5463788611 a prime number?
True
Is 341813587 prime?
False
Is 162572801 prime?
True
Is 29554549 prime?
False
Is 485326154 composite?
True
Is 26419007 composite?
True
Is 5806288801 a composite number?
False
Is 7314250543 composite?
False
Is 1695880573 a prime number?
False
Is 46522471 a composite number?
True
Is 394375693 prime?
True
Is 51689616779 prime?
False
Is 59242186811 a composite number?
True
Is 10464435509 a composite number?
True
Is 23492952473 composite?
False
Is 839383579 a composite number?
True
Is 6512334581 a composite number?
True
Is 144559309 prime?
True
Is 318346198 composite?
True
Is 1368477947 a prime number?
False
Is 44016968137 prime?
True
Is 3191928331 a prime number?
True
Is 753994597 a prime number?
False
Is 1297653839 prime?
True
Is 3593877857 a composite number?
True
Is 4339095227 a prime number?
False
Is 2365096211 composite?
False
Is 79133117159 a composite number?
False
Is 155465948485 a composite number?
True
Is 592860661 prime?
True
Is 2317867493 prime?
True
Is 51158429143 composite?
False
Is 20300141 composite?
True
Is 61213811522 composite?
True
Is 1974353323 a composite number?
True
Is 1632516421 a composite number?
False
Is 458695709 a prime number?
True
Is 20318251 a prime number?
True
Is 23154559073 a prime number?
True
Is 12884733227 a prime n